1 - (6 + -6))?
-4
What is the value of (34 - 39 - (0 + 7)) + 4?
-8
Calculate -7 + 12 + -1 + 1.
5
Evaluate -9 + -1 + 19 - 7.
2
Evaluate (7 - 6) + 0 - 3.
-2
Evaluate -3 - (-7 - (-3 - -1)).
2
What is the value of 0 + 6 - (5 - 3)?
4
-2 - 4 - -2 - (-7 - -1)
2
Calculate (-1 - (1 + (4 - 5))) + 6.
5
Calculate -2 - -1 - (-3 - -2).
0
What is 0 - 1 - (-6 + 2)?
3
8 + -12 + (-4 - (2 - 5))
-5
Calculate 0 + -5 - -1 - -3.
-1
Evaluate -2 + (-3 + -6 - -13).
2
Calculate -4 - (2 + -6 - 0).
0
Evaluate 1 + (3 - 8) + 6.
2
What is the value of 4 + (-3 - -3) - (10 + -1)?
-5
What is (-52 - -45) + (0 - -1)?
-6
5 + -2 - 1 - 2 - -5
5
What is the value of (1 - 2) + (1 + -2 - -5)?
3
0 + -3 - (-18 + 18)
-3
Evaluate -2 + (-3 - -3) + (1 - -11).
10
1 + -7 - (-50 - -49)
-5
What is 32 - 30 - (0 + 15 + -3)?
-10
Calculate (-1 - (0 + (-3 - -4))) + -3.
-5
What is the value of 13 + -16 - (0 + -7 + 0)?
4
-11 - (9 - (-7 - -22))
-5
Calculate -1 + -2 - (-1 + -3) - -4.
5
What is -1 + 3 - -5 - 11?
-4
What is the value of 8 - 0 - (-30 + 32)?
6
Evaluate 2 + 2 + -3 + 3 - 3.
1
Calculate 2 - (-3 + (-1 - -5)).
1
Calculate (43 - 41) + 2 + -9.
-5
Calculate -1 + 7 + -15 - (1 + -1).
-9
Calculate 7 - (2 + (9 - 10)).
6
3 + -1 - (-1 - -4)
-1
Calculate 4 + (-13 - -8) + 4.
3
3 - 17 - (-9 + -1)
-4
(-17 - -28) + 2 + -9
4
Calculate -2 - (-9 + 4) - 3.
0
Calculate 4 + 0 + -2 + 3 - 9.
-4
What is -4 - (-5 + 13 + -15)?
3
What is -2 + 3 - (9 - 5) - -3?
0
What is the value of 0 + (2 - 4) + 5?
3
Calculate (3 - 5) + -2 - (2 + -1).
-5
What is -2 + 0 + -4 + 4?
-2
What is the value of 0 + 2 - (-2 - -9)?
-5
What is the value of (0 - -2 - 0) + -2?
0
What is the value of (8 - -2) + -20 + 13?
3
-3 + (-14 - -5) + 6 + -1
-7
Calculate 0 + (3 - 4) - -1 - -2.
2
What is the value of -10 + (-5 + 14 - 4)?
-5
What is 0 + -9 + 14 - (3 + 1)?
1
Evaluate -5 - -3 - (-11 + 10).
-1
Calculate (-5 - 6) + 6 - 0.
-5
What is -2 - (-1 - (-1 - 2) - 0)?
-4
What is 10 + -6 + -13 + 9?
0
Evaluate -3 + (3 - 3) - (1 - 3).
-1
Evaluate (5 - 1) + (-4 - -3).
3
What is -5 - (-2 + 4 + -3)?
-4
Evaluate -12 - 1 - -7 - -8.
2
-16 - (10 - -1 - 18)
-9
Evaluate (-2 - -2) + (11 - 15 - -1).
-3
What is the value of 3 - 1 - ((0 - 2) + 6)?
-2
What is 2 + (-2 + 4 - -1) - 11?
-6
What is -3 + -1 - -2 - (7 + -13)?
4
Evaluate 0 - (-3 - (1 + -4 - -5)).
5
What is (13 - 0) + 7 + -19?
1
What is -1 + 5 + 3 + (-4 - -3)?
6
What is the value of -5 + -14 - -8 - -3?
-8
What is 1 - (-3 + 1 + -2)?
5
What is 4 + (-11 - (0 + -2))?
-5
What is (0 + 3 + -2 - 2) + 8?
7
What is the value of 10 + -23 + 9 + 0?
-4
(6 - 0) + -54 + 49
1
What is the value of 2 - (-12 + 4 + (0 - -16))?
-6
What is the value of 0 + 3 + -2 + 0?
1
What is 1 + (-8 - -2) - -13?
8
Calculate -1 - (3 + (-9 - (-5 - 0))).
0
What is the value of -6 + (10 - (-2 - -5)) - -2?
3
What is -2 + 4 + -3 + -3?
-4
Calculate 3 - 8 - 2 - (-7 - -3).
-3
Calculate (1 - 3) + 0 + (-14 - -15).
-1
Calculate 6 - 5 - -4 - 10.
-5
-1 - 2 - (-12 + 12) - -3
0
What is the value of 3 - -2 - (6 + 3)?
-4
Calculate -9 + (-2 - 0) - -6.
-5
What is 7 + -15 - (-14 + 0)?
6
What is -7 + 10 + 0 + -5 + 4?
2
7 - (-9 + 9) - (-2 + 6)
3
What is (2 + -2 - -1) + (-21 - -21)?
1
Calculate (-8 - -2 - -2) + 12.
8
What is the value of (7 - 5) + -2 + (0 - -3)?
3
What is the value of -4 + (-4 - -8) - (2 + 0)?
-2
-2 - (3 + (-2 - (4 + -3)))
-2
What is the value of 4 + (-1 - (-4 - (2 - 7)))?
2
Calculate -2 - 2 - (-14 + 14).
-4
Evaluate 2 + -2 - 0 - 0.
0
-1 - -5 - (-2 + 1 + 2)
3
Calculate 0 - -10 - (1 + 6) - -3.
6
What is the value of (-1 - -7) + (11 - 13) + -1?
3
What is (-50 - -53) + -1 + 1?
3
6 + (-15 - -7) + 3
1
What is -7 - (0 + 1 - 4)?
-4
Evaluate (18 - 31) + 1 + 7.
-5
Evaluate -5 + 5 + (3 - 8).
-5
Evaluate -81 + 90 + -1 + -9.
-1
What is 5 - (5 - (3 + -4))?
-1
-12 - ((-2 - -2) + -6)
-6
(3 - 8) + 7 + -3 + 0
-1
Evaluate 4 + (2 - 1 - 4) + 3.
4
Calculate -2 - (-1 - (-6 - 0)) - -3.
-4
Calculate -1 - -7 - (33 - 23).
-4
Evaluate -1 + 7 + 0 + 0 - 3.
3
Calculate -5 - ((22 - 26) + (1 - 2)).
0
What is the value of -2 - 0 - (33 + -38)?
3
Calculate (-3 + (-2 - -2) - -3) + 2.
2
Calculate (-7 - -1) + -1 + -1.
-8
Calculate 2 + 4 + -3 + 1.
4
What is the value of (-62 - -65) + 0 + (-1 - 6)?
-4
Calculate -10 - (0 - 6) - -3 - 4.
-5
44 + -33 + -2 + -2
7
4 + (6 - (4 - 0))
6
(6 - 3) + -12 - (3 + -7)
-5
What is the value of (9 - (-4 + 8) - 2) + -7?
-4
Evaluate 4 + -10 + (-1 - 1) + 4.
-4
What is -1 - (3 - (0 + 3))?
-1
-17 + 9 - (-5 - (9 + 4))
10
What is (8 - (13 - 2)) + (0 - 1)?
-4
5 - (-4 + 4) - 1
4
Calculate -4 - (1 + (2 + -4 - 3)).
0
-3 + 14 + -16 - (4 + -1)
-8
18 - 20 - (-6 - 3)
7
What is the value of -7 - (-3 - 6) - 8?
-6
What is the value of 0 + -8 - (5 - 10)?
-3
-7 + 19 - 18 - (2 + 0)
-8
Evaluate 0 - -2 - 5 - -1.
-2
What is the value of (-2 - -2 - -8) + 5 + -9?
4
What is -12 + 16 + -5 + -1?
-2
1 - 4 - (0 + -2)
-1
Calculate 2 + 4 + 85 + -86.
5
(-1 - -1) + -5 + 5
0
Calculate -2 + (8 - 13 - -12).
5
What is (-1 - -3) + (-6 - (-11 - -4))?
3
76 + -79 + -2 + 1
-4
-9 + 5 + (2 - 4)
-6
What is 3 - (-2 - (3 - 5))?
3
What is the value of -2 + (-2 - (-1 + (2 - 3)))?
-2
1 - 1 - (16 - 23) - 5
2
What is the value of (0 - (1 + 0)) + -4?
-5
1 + 0 - (-12 + 3 + 9)
1
Calculate -3 + (5 - (13 - 5)).
-6
What is the value of 3 - -2 - (6 + -4) - 9?
-6
Evaluate 2 + -1 + (-10 - -4 - -4).
-1
Calculate 2 - (-3 + 3) - -2.
4
Calculate -13 + (2 - (8 - 14)).
-5
What is the value of (7 + -2 - 8) + -1?
-4
Calculate 13 + 4 + -10 + (-13 - -1).
-5
Evaluate 5 - (0 - -3) - 2.
0
Calculate 2 + -3 + 2 + 0 + -5.
-4
What is the value of 3 + (-3 - (2 - -4)) + 5?
-1
What is the value of 6 - (2 - 3) - (-2 - 0)?
9
Evaluate (9 + -18 - 5) + 11.
-3
Calculate (53 - 57) + 7 + 1.
4
What is the value of -5 - ((5 - 5) + -6 + 2)?
-1
3 - (5 + (11 - 22))
9
Calculate -1 + (1 + -1 - 0) + -5.
-6
2 - (0 + (0 - -2) + -2)
2
What is the value of -4 - (-2 + 7 - 4)?
-5
Evaluate -2 + (0 - 3) - -11.
6
Evaluate (0 - -5) + -3 - 4.
-2
Calculate (-2 - -2) + (-12 - -21).
9
Evaluate (10 - 8 - 8) + (-3 - -1).
-8
Evaluate 14 - 7 - (6 + (-5 - -1)).
5
What is (-5 - (4 - 6)) + 3?
0
Evaluate -11 - -11 - -1 - 1.
0
What is (7 - (-1 - -5)) + -4?
-1
What is the value of (1 + -1 - 4) + (0 - -6)?
2
Calculate 4 - (5 - 6 - -8) - -4.
1
Calculate -1 + (3 - (8 - 3)) + 0.
-3
Evaluate 13 + (-4 + -3 - (2 - 2)).
6
What is the value of -3 - (-2 + -3 + -2 - -1)?
3
What is -8 + -14 - -22 - (-6 - 1)?
7
Calculate 13 + (-2 - 2) + (-1 - 3).
5
Evaluate -1 + (-1 - -5) - 2.
1
What is (27 - 21) + (-1 - (-2 + 4))?
3
Evaluate -1 + 5 + -2 + -7.
-5
8 + 2 + (-2 - -4) + -6
6
-4 + (3 + -2 - -5)
2
What is the value of (-4 + 7 - 5) + -4 + 1?
-5
Evaluate 4 + 2 + (0 - -4) + -6.
4
What is -5 - (1 - (1 - 0))?
-5
-108 + 113 + -15 + 1
-9
Calculate (-1 - (2 + 0)) + -58 + 62.
1
Evaluate -63 + 68 + 0 + 1.
6
What is -2 + -5 + (3 - -1) - 0?
-3
Evaluate 1 + -8 + 7 + -1.
-1
What is the value of -4 - -2 - (-2 + 0) - -3?
3
What is the value of (1 + -3 - 4) + 5?
-1
Calculate -1 + -4 + (-3 - 7 - -9).
-6
What is the value of (-3 - 2) + -6 + 9 + 11?
9
What is the value of 1 - (-6 - 1) - (-7 - -6)?
9
What is the value of 2 + -2 - (0 + 0)?
0
What is the value of (4 - (9 + (-3 - -1))) + 6?
3
What is the value of -3 - (-8 + 1 - -2)?
2
What is 2 + -11 + (-9 - -11)?
-7
Calculate -1 - (-5 + 1) - -7 - 6.
4
-19 - -22 - (3 + -2)
2
Calculate (-11 + 1 - -1) + 139 + -130.
0
Calculate -4 + (18 + -22 - (-2 - 0)).
-6
What is -2 - (2 - (2 - -1))?
-1
What is the value of 0 + 2 - (41 - 45)?
6
What is the value of -1 + (5 + -2 - -4) + -3?
3
Evaluate 3 + (-19 - (6 - 15)).
-7
-7 + 5 + 3 + 1
2
Evaluate (-2 - (1 + -1)) + 7 + -7.
-2
What is the value of 1 + -8 + 3 + (4 - 2)?
-2
Calculate 14 - 12 - (-2 + 1) - -2.
5
Evaluate 11 - 24 - (1 - 7).
-7
9 - (16 + (4 - 9))
-2
Evaluate -5 + (-3 - -4) + 5.
1
Evaluate -29 - -24 - (-2 - -4).
-7
-2 - (-4 + 0) - 1
1
Calculate -11 + 6 + 8 - (-14 - -27).
-10
What is (-3 - (6 - 0 - 11)) + 1?
3
Evaluate 2 - (-15 + 12 + 3 + -1).
3
0 + -2 - (-6 + (4 - 1))
1
What is -4 - (-1 + 3 + -2 + 2)?
-6
Calculate 0 - (8 - (3 - 1)).
-6
Evaluate (-4 + 13 - 7) + -7.
-5
What is the value of 2 + (-2 - 0 - -1) + -1?
0
1 - -2 - (-2 - (-3 - -1))
3
Evaluate (4 - 2) + -1 + -4 - 1.
-4
What is the value of -5 + 5 + (-3 - -4) + 1?
2
What is (1 - 0) + -32 + 26?
-5
-1 + -1 + 0 + 3 - 0
1
Calculate 4 + 2 + -6 + 1.
1
What is the value of 3 - (-4 + 8 -